+ -3. What is the units digit of v?
7
Let v(w) = w**3 + 41*w**2 + 40*w + 43. What is the thousands digit of v(-39)?
1
Suppose 2*r - 4*b = -4, 0 = -3*r - 0*b + 3*b. Let i be (1 + -2)*(-1 + r). What is the units digit of -5*((-21)/15 - i)?
2
Suppose 16*z - 17*z + 7 = 0. Let k(f) = 7*f + 19. What is the tens digit of k(z)?
6
Suppose g = 198 + 120. What is the hundreds digit of g?
3
What is the units digit of ((-758)/(-10))/(2/20)?
8
Suppose -14130 = 84*u - 93*u. What is the tens digit of u?
7
Let v(q) = -q**3 + q + 2. Let n = -10 + 12. Suppose -4 = -2*w + 4*d - 2, 4*w + 16 = -n*d. What is the units digit of v(w)?
6
Let s(w) = 38*w**3 - w**2 + w - 6. Suppose 7*x - 4*x - 5 = m, 0 = 5*x - 4*m - 6. What is the units digit of s(x)?
6
Suppose -7 = -f - v, 4*f + f + 5 = 3*v. Suppose 200 = 3*x + f*x. What is the units digit of x?
0
Suppose -626 = -6*z + 1642. What is the hundreds digit of z?
3
Let d(g) = -g**3 - 17*g**2 + 24*g - 86. What is the hundreds digit of d(-21)?
1
Let n(x) = x**2 - 6*x + 112. What is the hundreds digit of n(-43)?
2
Let i(d) = -2*d**2 - 17*d + 11. Let p be (-48)/(-18)*18/(-4). Let c be i(p). Let x = 107 + c. What is the tens digit of x?
3
Let b = -37 + 64. What is the units digit of b?
7
Let u = -143 + -299. Let i = u - -632. What is the tens digit of i?
9
Let a = -926 - -2436. What is the tens digit of a?
1
Let q(h) = -h. Let r(t) = 1. Let a(v) = -q(v) + 6*r(v). What is the units digit of a(-5)?
1
Suppose 0 = -2*o + 2, -3*v - v = o - 853. What is the hundreds digit of v?
2
Suppose 0 = -2*q - 3*g + 11, -g + 22 = 4*q - 5. Let i = q + -7. What is the units digit of (2 - -1*22) + i?
4
Let t = 34 - 34. Suppose 0 = -t*p - 3*p + 15. Suppose 0 = p*o - 2*o - 168. What is the units digit of o?
6
Suppose -h = -3*b + 17433, -5*b - h = -b - 23244. What is the units digit of b?
1
Let n(i) be the first derivative of 30*i**2 + 3*i + 2. What is the tens digit of n(2)?
2
Suppose 8*t - 60 - 164 = 0. What is the units digit of (-28)/(104/t + 4/(-1))?
8
Let l(x) = -7*x**2 + 14*x**2 + 2*x + 9*x**3 - 10*x**3 + 0 + 8. What is the tens digit of l(6)?
5
Let f(u) = u**3 + 6*u**2 + u + 6. Let p be f(-5). Let h = -15 + p. Let i = h + 2. What is the units digit of i?
3
Suppose m - 28 = -3. Let x = 61 - m. Suppose -4*p + x = -0*p. What is the units digit of p?
9
Suppose 9*f - 8*f = 54. Let d = f + -24. What is the units digit of d?
0
Let f = -8 + 10. Suppose -2 = 2*q, -f*k + 2*q + 19 = -3*q. Let m(u) = u**2 - 6*u - 4. What is the units digit of m(k)?
3
Let g = -500 - -703. What is the hundreds digit of g?
2
Let j = 2 - -1. Let u = 13 + j. Let t = 0 + u. What is the tens digit of t?
1
Let g be 7/42 - 62/12. Let h be 12/4 + g - -2. Suppose -b - 9 = 3*j - 82, -3*j + 2*b + 88 = h. What is the units digit of j?
6
Let i(r) = 224*r**2 - 26*r - 27. What is the hundreds digit of i(-5)?
7
Suppose -15*s = -548 - 802. What is the tens digit of s?
9
Suppose -u + 9 + 19 = 0. Suppose -4*r = -200 - u. Suppose -i = -3*s - r, 2*i + s = 96 - 3. What is the tens digit of i?
4
Let l = 63 - -37. Suppose -z + 6*z - l = 0. What is the units digit of z?
0
What is the units digit of (175/10 + -6)*28?
2
Let f(u) = -10*u**3 + 16*u**3 - 3*u**2 - 14*u**3. Let w be f(-2). Let k = -21 + w. What is the tens digit of k?
3
Let a(t) = -2*t**2 + 46*t + 2. Let k be a(23). Suppose 3*q - k*n - 62 = -n, -104 = -5*q + n. What is the tens digit of q?
2
Let y = 178 + 324. What is the units digit of y?
2
Let d = 653 - -1833. What is the hundreds digit of d?
4
Let l = -150 - -445. What is the hundreds digit of l?
2
Let k(x) = 16*x + 1. Let l be k(3). Let u be 1/4 + 18/(-72). Let r = l - u. What is the tens digit of r?
4
Let i = 81 + -166. Let m = -40 - i. What is the tens digit of m?
4
Suppose -2*h + 8 = 2*h. Suppose -118 = -2*u - h*r + 78, -2*u - 4*r = -186. What is the hundreds digit of u?
1
Suppose k = 1 - 14. Suppose 0 = 3*g - s + 4*s + 75, 5*g + 2*s + 131 = 0. Let u = k - g. What is the tens digit of u?
1
Suppose 466 = 4*k - 5*v, 5*k + 5*v - v - 562 = 0. Suppose 5*d - 4 - 1 = 0, 2*d + k = b. Let l = b - 69. What is the units digit of l?
7
What is the hundreds digit of (-5396)/57*15/(-4)?
3
Suppose 13*n + 13095 - 56658 = 0. What is the tens digit of n?
5
Suppose -737 = -s - 4*q + 1691, -5*q = 0. What is the tens digit of s?
2
Let t(g) = 2*g**2 + 8*g + 38. Let x(a) = -a - 1. Let m(c) = t(c) + 4*x(c). What is the units digit of m(-9)?
0
Let y(h) = 6*h**2 - 8*h - 17. Let c be (-2)/(-3)*(10 - 1). Let n(i) = -2*i**2 + 3*i + 6. Let f(x) = c*y(x) + 17*n(x). What is the units digit of f(3)?
7
Suppose -5*q + 24 = 2*k, -3*q + 20 = -0*k + 4*k. Suppose -5*l - 170 = -10*l. Suppose k*y - 5*h - 83 = 0, 2*y + 2*h = 28 + l. What is the units digit of y?
4
What is the tens digit of (-3)/(-2)*(-252434)/(-273)?
8
Suppose 0 = -203*a + 202*a + 1467. What is the hundreds digit of a?
4
Let t(z) = 8*z**2 - 11*z - 228. What is the units digit of t(24)?
6
What is the hundreds digit of ((-381)/(-9))/((-21)/(-882))?
7
Let m be (-1)/((-1)/3*1). Let d(o) = 4 - 1 - o**m + 0*o**3 + 3*o**2 - 3*o. What is the units digit of d(2)?
1
Suppose -1 + 71 = 5*a. What is the units digit of ((-4)/(-3))/(a/21) - -78?
0
Suppose -6*b + 8*b = -2*z + 1154, 0 = -3*b + 2*z + 1736. What is the tens digit of b?
7
Let n = 31 - 29. Let f be (-1)/(n - 1100/548). Let b = 200 - f. What is the tens digit of b?
6
Suppose -2*j = 4*g - 36, -g - 3*j + 26 = g. Let o(m) = m + 2. Let c(n) = -n**2 - 1. Let l(t) = -c(t) + o(t). What is the units digit of l(g)?
9
Suppose -2*w + 22 = 5*g, -3*g = 2*w - 2*g - 14. Suppose -w*n + 468 = 3*n. What is the tens digit of n?
5
Let l be (-6*3)/(3/(-2)). Suppose l = -k + 3. What is the units digit of k/45 - 172/(-10)?
7
What is the units digit of 561/136*180 + (-5)/2?
0
Let w be (-99)/(-27) + (-1)/(-3). Suppose 2*u - 17 = -5*g, g + 9*u = w*u - 15. Suppose -2*q + 0*m + 33 = m, 4*q = g*m + 45. What is the tens digit of q?
1
Let l(b) = -2*b + 5. Let n be l(4). Let p be n*(2 - 1000/12). Suppose -3*j + p = j. What is the units digit of j?
1
Let a(q) = -4*q + 6*q + 10 + 0. Suppose -55 = -5*r - s + 6*s, -s = 4. What is the units digit of a(r)?
4
Let q(m) = m**3 + 10*m**2 + 8*m - 10. Let x be q(-9). Let n = x - -36. What is the units digit of n?
5
Suppose -2 = h + 2*n - 13, 3*h + 5*n = 29. Suppose 5*v + 5*t - 53 = 57, 3*t = 5*v - 150. Suppose -h*c - v = -s - 8, c = -5*s + 15. What is the units digit of s?
4
Suppose -8 = -2*b + w, -5*b + 26 = -0*b - w. Suppose -b + 30 = -4*j. Let d(q) = -q**2 - 7*q - 4. What is the units digit of d(j)?
2
Suppose -5*i + 1435 = -g - 120, -4*g = 2*i - 622. Let c = i - 57. What is the tens digit of c?
5
Suppose -50*b = 4182 - 152932. What is the tens digit of b?
7
Let m(g) = 12*g + 3. Let x(p) = 12*p + 2. Let b(u) = 3*m(u) - 4*x(u). Let k be b(-7). Suppose -2*q + 1 = -k. What is the units digit of q?
3
Suppose -7*b + 2*b = -25. Suppose -3*a + b = 2*a. What is the units digit of (3 - -9) + -2 - a?
9
Let k be (-11 - -10)*(-3)/(-1). Let m be k/(((-6)/3)/36). Let y = m + -32. What is the units digit of y?
2
Let b(s) = s**3 - 17*s**2 + 18*s + 27. Let k(p) = 17*p**2 - 2*p + 1. Let v be k(1). What is the units digit of b(v)?
9
Let j(r) = -r + 0*r**3 - 1 - r**3 + r**2 - 7*r**2. Let l be j(-6). Suppose l*f - 2 = 4*f. What is the units digit of f?
2
Let j(h) = 31*h**2 + 19*h - 32. What is the thousands digit of j(6)?
1
Let g(d) = d**2 + 8*d. Let u be g(-6). Let n = 49 + u. What is the units digit of n?
7
Let r(q) be the third derivative of -q**6/120 + q**5/12 + q**3/3 + 14*q**2. Let u be r(5). Suppose 5*i + 3 = 13, -i = -u*p + 40. What is the units digit of p?
1
Let v(c) = -c**3 + 17*c**2 - 13*c + 3. Suppose 2*d - 79 = 7*g - 12*g, 2*g = -2*d + 34. What is the units digit of v(g)?
8
Let u = 1 + 68. What is the units digit of u?
9
Let j be (-168)/(-16)*4/3. Suppose 0 = 2*b + 5*l - j - 333, 4*l = -4*b + 712. What is the tens digit of b?
8
Let l(p) = -p**3 + 5*p**2 + 7*p - 5. Let x be l(5). Suppose 8*a - 10*a + 4 = 0. Suppose -3*w + x = -a*w. What is the tens digit of w?
3
Let q(i) = i**3 + i**2 + 19. Let u be q(0). Suppose -875 = -u*a + 14*a. What is the hundreds digit of a?
1
What is the hundreds digit of 7620/(-2)*(3 + (-180)/50)?
2
Let v be 1 + -1 + 3 + 135. Let s = -63 + v. What is the units digit of s?
5
Suppose 0 